?
-18ab2a
Convert -10312022021 (base 4) to base 13.
-35632a
11010011011100011000 (base 2) to base 12
359248
What is -4014122 (base 5) in base 7?
-353414
Convert 5394 (base 14) to base 12.
8432
Convert -14446002 (base 8) to base 6.
-154352242
Convert -10121121100212 (base 3) to base 9.
-3547325
-214a9b0 (base 12) to base 13
-14049c6
Convert -45245452 (base 7) to base 11.
-2242940
What is 2441349 (base 10) in base 15?
333569
bcacd4 (base 14) to base 13
143435a
141034033 (base 5) to base 14
14ab43
Convert a902a6 (base 13) to base 10.
3970453
2022221211 (base 3) to base 5
2432040
10011101011110010 (base 2) to base 5
10040001
What is -11304500 (base 6) in base 2?
-1010101101011110100
7110173 (base 9) to base 7
44115306
Convert -23657656 (base 8) to base 9.
-10707520
Convert -852f3 (base 16) to base 3.
-1000201022120
Convert a269b (base 13) to base 8.
1070512
Convert 57468 (base 11) to base 2.
10100010010001000
Convert -13a7ab (base 13) to base 14.
-c7050
11110001001111111010010 (base 2) to base 11
450a357
What is -8a645 (base 14) in base 2?
-1010010000010000101
-c9c11 (base 14) to base 3
-220210111010
What is -1609a (base 11) in base 15?
-6b0b
Convert -1955254 (base 12) to base 8.
-24272040
Convert 100010111011010110101000 (base 2) to base 4.
202323112220
Convert -150516 (base 8) to base 6.
-1052022
Convert -305403 (base 12) to base 10.
-755715
110000001000001101101 (base 2) to base 13
432aa0
Convert -1063581 (base 10) to base 6.
-34443553
Convert a1989 (base 13) to base 3.
112201001001
-353471 (base 11) to base 2
-10001000111100010001
Convert 111002012220 (base 3) to base 15.
51466
What is -1610c (base 15) in base 2?
-10001010111001000
What is 1897002 (base 11) in base 3?
20000122000200
Convert 163904a (base 11) to base 16.
2aa15f
-13404130 (base 5) to base 9
-230317
-2238700 (base 11) to base 9
-7335088
What is -10461525 (base 7) in base 6?
-31225240
101011101011000010101000 (base 2) to base 9
23478332
Convert -3174761 (base 8) to base 12.
-350181
Convert 134440543 (base 6) to base 14.
51567d
What is -24065602 (base 8) in base 14?
-9b29b4
What is 8320c (base 14) in base 12?
132a24
What is -236660352 (base 7) in base 10?
-14821557
What is -11220240304 (base 5) in base 13?
-281593b
-104105 (base 7) to base 2
-100011100111001
Convert -b0b77 (base 15) to base 10.
-559462
Convert -31030310 (base 4) to base 10.
-54068
What is -11111111001011000110111 (base 2) in base 6?
-455114435
1143303 (base 7) to base 3
21101020020
What is 1110110000100110000 (base 2) in base 4?
1312010300
Convert -2011063 (base 8) to base 2.
-10000001001000110011
Convert -433313211 (base 6) to base 2.
-11101011101101001000111
Convert 130312203 (base 5) to base 8.
2330647
-87855 (base 9) to base 6
-1125505
What is 2114321 (base 9) in base 16?
114496
Convert -1021020000001202 (base 3) to base 5.
-14123442024
-37116 (base 9) to base 5
-1244012
What is 15ea (base 15) in base 11?
3601
What is 630471 (base 8) in base 9?
347874
Convert 202011210000101 (base 3) to base 2.
101000111001111000110111
What is -431a00 (base 16) in base 7?
-52243620
-3880440 (base 9) to base 12
-862723
What is 4626340 (base 7) in base 12?
23a921
Convert -a2394 (base 14) to base 5.
-44442431
419466 (base 11) to base 12
284644
-328195 (base 10) to base 9
-550171
What is -1675d (base 15) in base 2?
-10001101101011010
What is -24a92 (base 11) in base 9?
-54237
What is 1010011000011111100111 (base 2) in base 9?
5107505
175145 (base 8) to base 12
31119
What is 588574 (base 9) in base 16?
566f5
Convert -43204332 (base 5) to base 4.
-1121122021
What is -101111001000010101100 (base 2) in base 5?
-343404424
519161 (base 13) to base 8
7210627
13365603 (base 8) to base 2
1011011110101110000011
Convert 723002 (base 8) to base 9.
403883
Convert 230124003 (base 5) to base 10.
1020503
What is 44024664 (base 7) in base 8?
16305622
What is 10010010001000001111100 (base 2) in base 16?
49107c
What is -101100110101011011100011 (base 2) in base 15?
-107265c
-230433232 (base 5) to base 6
-34030322
Convert -36346 (base 8) to base 10.
-15590
40a9b (base 14) to base 15
31241
What is 1c36de (base 15) in base 14?
27c567
110111000101100100111011 (base 2) to base 13
2cb7c3c
What is 102122222001 (base 3) in base 15?
48074
Convert -1045504 (base 6) to base 14.
-154d2
What is 87744 (base 14) in base 12?
139968
-210041343 (base 5) to base 15
-120683
-120021220021 (base 3) to base 11
-19616a
1141415 (base 8) to base 13
ac07c
What is -2b2dda (base 14) in base 9?
-2745415
Convert 3c24cb (base 13) to base 15.
1dd218
What is -1a625 (base 14) in base 7?
-366345
What is 122203210 (base 4) in base 9?
175177
What is -11020112021 (base 3) in base 15?
-19b11
What is -21125156 (base 7) in base 11?
-1011510
Convert -17960 (base 16) to base 14.
-272c8
-6314625 (base 7) to base 13
-208155
Convert 310032211 (base 4) to base 3.
101212110011
Convert -322010 (base 7) to base 11.
-39013
61ca (base 14) to base 3
212002122
What is 66354a (base 11) in base 12?
430898
What is 1452141 (base 7) in base 3?
101001010020
Convert -1422511 (base 7) to base 3.
-100200110221
Convert 1347245 (base 8) to base 13.
1042c6
-100000110110010110011 (base 2) to base 8
-4066263
91909 (base 13) to base 15
52401
8c4882 (base 15) to base 9
13537735
-4258335 (base 10) to base 11
-2449394
What is 1474674 (base 8) in base 4?
1213212330
What is 25474 (base 12) in base 16?
c658
Convert -11345743 (base 8) to base 7.
-30024440
Convert 136412021 (base 7) to base 12.
30270b2
-25b4a (base 15) to base 2
-11101011101011110
Convert 49aa3 (base 13) to base 4.
201022200
Convert 63277 (base 13) to base 12.
872a1
-59848 (base 11) to base 12
-41a78
What is 110201202 (base 3) in base 16?
2441
What is 20a750 (base 12) in base 16?
7dfac
-115214435 (base 6) to base 10
-2210711
What is 12323300110 (base 4) in base 3?
10102100022021
Convert 73006 (base 9) to base 3.
2110000020
-b228b (base 15) to base 6
-20032022
-11000210212202 (base 3) to base 9
-4023782
-424723 (base 11) to base 13
-1aa4a3
2252114 (base 6) to base 16
1c46e
bb55 (base 15) to base 8
115400
What is -567b (base 15) in base 13?
-846b
What is -2320146 (base 7) in base 3?
-112202122010
-9589b (base 12) to base 6
-4113515
101021011012 (base 3) to base 2
110001010100111110
38a98 (base 13) to base 15
211ee
What is -217057 (base 12) in base 9?
-887714
What is 58ef (base 16) in base 15?
6b2c
What is c36e53 (base 15) in base 14?
133ab01
What is -19811a (base 12) in base 3?
-211211112011
-1768a (base 11) to base 8
-60316
Convert -13a98 (base 15) to base 13.
-22982
154550 (base 8) to base 14
163d6
113011110 (base 4) to base 7
542436
Convert 8e415 (base 15) to base 4.
1232220302
646135 (base 7) to base 5
12100304
-1001110100010000110 (base 2) to base 14
-85326
Convert -211bb (base 14) to base 7.
-452024
76731 (base 12) to base 10
156565
Convert -7030c5 (base 13) to base 10.
-2605803
What is 1221102230 (base 5) in base 2?
1011000110010111111010
What is -16c19 (base 13) in base 4?
-22230101
-10201201211202 (base 3) to base 2
-111100100000100101101
Convert -1070a1 (base 15) to base 6.
-24441411
What is 51b05 (base 12) in base 2?
11010000111110101
What is -65d45 (base 16) in base 13?
-117b01
-66206030 (base 7) to base 2
-10101101011011010011101
Convert 13223414 (base 6) to base 3.
211021222201
What is -8252700 (base 10) in base 4?
-133132310130
Convert -271894 (base 12) to base 16.
-9dab0
Convert -234231431 (base 5) to base 3.
-2001012101102
-4843b4 (base 13) to base 16
-1a4ade
-243001 (base 14) to base 16
-12e229
Convert -100232122 (base 5) to base 11.
-252891
Convert 4230412 (base 7) to base 10.
511618
Convert -4242330 (base 5) to base 2.
-10001011110100110
Convert -a791c (base 16) to base 2.
-10100111100100011100
Convert -16050650 (base 8) to base 11.
-20a1052
Convert -54233 (base 13) to base 12.
-73b45
What is 1463564 (base 7) in base 3?
101012011202
Convert 211203330120 (base 4) to base 12.
336a2a0
154132400 (base 7) to base 5
10124044004
What is -1000101101001010010 (base 2) in base 15?
-597cb
Convert -3420a (base 12) to base 9.
-115201
Convert 1101011010110101110110 (base 2) to base 11.
1a92a93
Convert 235043043 (base 6) to base 11.
2561519
Convert -101223100 (base 4) to base 15.
-166ba
What is 16bba1 (base 12) in base 15?
7bae1
Convert -207784 (base 1